at is the highest common factor of t and 10?
10
Let f = 9 + -3. Suppose -179*p = -174*p - 270. Calculate the greatest common divisor of f and p.
6
Let l = 1700 - 1675. Suppose -5*d = -25 - 25. What is the greatest common divisor of l and d?
5
Suppose -3*f + j + 177 = 0, 4*f = 2*f + 3*j + 111. Let z = f - 53. What is the highest common divisor of 42 and z?
7
Let i = -14 - -17. Suppose -2*d + 0*d - 3528 = -5*m, -i*d = 4*m - 2804. Suppose -f = 0, -4*k = -2*f - 0*f - m. Calculate the highest common factor of k and 16.
16
Let y(s) = -36*s + 4. Let c be y(-6). Suppose 3*d - 5*d = -c. Calculate the greatest common divisor of d and 10.
10
Let o = -29 - -34. Suppose -o*v = 4*a - 209, 5*v + 5*a - 179 = 26. Let k = v + -32. What is the highest common divisor of k and 143?
13
Let l(u) = 16*u - 1. Let p be l(6). Let m(n) = -n + 11. Let k be m(-17). Let s be 1085/k - (22/8 - 2). Calculate the greatest common factor of p and s.
19
Suppose -9*y + 224 - 152 = 0. What is the greatest common factor of 10 and y?
2
Let p = -279 + 357. What is the greatest common divisor of p and 195?
39
Suppose -14*d = -20*d + 12. What is the highest common factor of d and 16?
2
Let j = 3047 - 1881. Calculate the highest common factor of 22 and j.
22
Let i = -187 - -593. What is the highest common factor of 116 and i?
58
Let v(c) = 4*c - 30. Let a be v(6). Let z = a + 8. What is the greatest common factor of z and 2?
2
Let z(o) = o + 11. Let f be ((-14)/(-4))/((-1)/2). Let t be z(f). Let c = 1 + t. Calculate the greatest common divisor of 1 and c.
1
Let s = -2 + 15. Let r(d) = d - 10. Let h be r(s). Calculate the highest common divisor of 27 and h.
3
Let l = 7 - 5. Let c = 54 + 70. Let s be 12/(-18) - c/(-6). What is the greatest common factor of s and l?
2
Let n(f) = -f**2 + 11*f - 12. Suppose 3*l - 3 = -15. Let x be 2/(-4) - 38/l. Let t be n(x). What is the greatest common divisor of 12 and t?
6
Suppose -5*r = 4*x - 743, -r - 584 = -3*x - 41. Calculate the greatest common factor of 56 and x.
14
Suppose 330 = 4*y + 5*c, y - 42 = c + 36. What is the greatest common factor of y and 320?
80
Let m(s) = 7*s + 198. Let c be m(-24). Calculate the greatest common factor of c and 870.
30
Let d be (-10)/4*(-112)/70. Suppose -40 = -d*x + 5*w + 102, -x + 41 = -4*w. What is the greatest common divisor of x and 11?
11
Let c = -38 - -83. Suppose -4*a = 4*g + 12, g = -0*g + a + 7. Suppose 3*z - 5*f = -0*z + g, -3 = -2*z + 3*f. What is the greatest common factor of c and z?
9
Suppose 132 = 4*i - 5*g, g + 3*g + 72 = 2*i. Suppose 5*n + i = -s + 72, n - s = 10. What is the greatest common factor of n and 27?
9
Suppose -4*z = 4*q, 0*q + 4*z + 45 = 5*q. Let v = 4 - q. Let i be 25/2 + v/(-2). What is the highest common factor of i and 104?
13
Let t(b) = 2*b - 9. Let r be t(6). Suppose 2*u + 2*z - 61 = u, -2*u - r*z = -124. What is the greatest common divisor of u and 5?
5
Suppose -3*i - 690 = -6*i - 3*u, 0 = -4*u + 8. Calculate the greatest common factor of 304 and i.
76
Suppose -1439 = -2*q + 609. What is the highest common factor of q and 64?
64
Let s = 120 + -72. Suppose -2*q = -2*p - 46, s = 3*q - q - p. Calculate the highest common divisor of 75 and q.
25
Let d(t) = 106*t**3 - 15*t**2 + 3*t - 1. Let u be d(2). What is the highest common divisor of u and 39?
13
Suppose 4*v = -0*v + 92. Let d be (-19 - -11)/(1/(-79)). Let g = d - 379. What is the greatest common factor of v and g?
23
Suppose 35*q - 40*q + 1037 = 3*g, -2*q + g + 417 = 0. Calculate the greatest common divisor of q and 143.
13
Let f(g) = 68*g + 14. Let x be f(5). Suppose -4*k + 5*d + 186 = -2*k, -d = -4*k + x. What is the highest common factor of 132 and k?
44
Let l(b) = b + 24. Let w be l(3). Let c be (-1 + (-175)/14)*(-2)/3. What is the greatest common factor of c and w?
9
Suppose 0 = 37*z + 15*z - 364. Let l(w) = 5*w**2 + 4. Let r be l(3). Calculate the greatest common divisor of z and r.
7
Suppose -48 = 4*d - 5*q - 259, -215 = -4*d + q. Calculate the highest common factor of d and 4.
2
Suppose -a = 2*t + 325, t = -5*a + 395 - 2020. Let c be ((a/10)/5)/(1/(-2)). Let u(l) = 65*l. Let w be u(1). What is the greatest common divisor of c and w?
13
Let v be (64 - 69)*(-12)/(-10) - -1225. What is the greatest common divisor of v and 46?
23
Suppose -s + 4 = -0. Suppose -15 = 3*l, s*l + 8 = -j - 0*l. Let y be 6/4*176/j. What is the greatest common factor of y and 22?
22
Let p be (-17)/(-2) + (-96)/64. Calculate the highest common factor of 7 and p.
7
Let l be ((-1)/3)/(3/9). Let m be 2/l - (-17 + 1). Suppose -v - 3*t = -67, 5*t + 119 + 236 = 5*v. Calculate the greatest common factor of m and v.
14
Let y = 37 - 25. Let o(d) = d. Let r(j) = j**2 + 22*j - 93. Let p(x) = -6*o(x) + r(x). Let t be p(-21). What is the greatest common factor of t and y?
12
Let x be (-26)/91 + (-254)/(-7). Suppose s + 185 = 2*f, 2*f + 4*s = -0*f + 160. Calculate the greatest common divisor of x and f.
18
Let g(y) = -377*y**3 + 3*y**2 + 3*y + 1. Let n be g(-1). Calculate the highest common factor of 14 and n.
14
Suppose -k = x - 29, -5*x + 2*x = -5*k - 87. Let i = 2549 - 2346. Calculate the highest common divisor of i and x.
29
Let i(d) = -d**2 + 24*d - 75. Let h be i(17). Calculate the greatest common factor of h and 2552.
44
Let l(k) = -8*k**2 + 44*k - 8. Let w be l(5). Calculate the greatest common factor of w and 348.
12
Let a(y) = -y**3 + 15*y**2 + 76*y + 74. Let b be a(18). Calculate the highest common factor of b and 141.
47
Let o be ((-78)/15 - 12/(-60)) + 16. Suppose 5*k - 44 = k. Calculate the greatest common factor of o and k.
11
Suppose 4*l - 3*l - 90 = 0. Let g = 126 + -87. Suppose -1 - g = -4*y. What is the greatest common divisor of l and y?
10
Let g be ((-224)/10)/((-728)/70 - -10). Calculate the highest common factor of 28 and g.
28
Let o(g) = 4*g + 57. Let w be o(-24). Let v = w - -69. What is the highest common divisor of 75 and v?
15
Suppose -41*v + 392 = 64. Calculate the greatest common factor of 2 and v.
2
Let d = -24 + 36. Suppose 48*l = 50*l - d. What is the greatest common factor of 6 and l?
6
Let k(t) = -89*t + 4*t**2 + 44*t + 45*t + 2. Let o be k(-4). Calculate the greatest common factor of o and 99.
33
Suppose 448 = 2*r - k, -5*r + 4*k + 246 = -871. Suppose 2*l = -3*l + r. What is the highest common factor of l and 5?
5
Suppose -80 = -4*i - i. Let x = i - 20. Let n be (4 + x - 15)/(-1). What is the greatest common factor of 6 and n?
3
Let j be (0 - 1/(-3))*12. Suppose 4*n - 20 = n + h, -2*h - j = 0. Calculate the highest common factor of n and 66.
6
Suppose 4*b + 0*x - 24 = 4*x, -5*b - 4*x = -30. Suppose 5*j + w - b = 61, -3*j - 5*w + 49 = 0. What is the greatest common factor of 65 and j?
13
Let j = -261 - -332. Calculate the highest common factor of j and 1349.
71
Let v(x) = -x**3 - 2*x**2 + x + 3. Let q be v(2). Let g(m) = -m**2 - 16*m - 32. Let o be g(q). Calculate the highest common factor of 69 and o.
23
Suppose 2020 - 1924 = 8*l. Calculate the highest common factor of 356 and l.
4
Let q be (41/2)/(76/24 - 3). What is the greatest common factor of 3 and q?
3
Let x(l) = 2*l**2 + 3*l + 16. Suppose -17 + 5 = 3*k. Let d be (k/6)/((-40)/300). Let f be x(d). Calculate the greatest common divisor of f and 9.
9
Suppose -88*q + 12893 + 25387 = 0. What is the greatest common divisor of 348 and q?
87
Let z = 4333 + -4329. Let k(t) = t**3 + 6*t**2 - 9*t - 8. Let a be k(-7). What is the greatest common factor of a and z?
2
Let l = 3 - 2. Let q be 22 + -4 - (4 - 3). Suppose 13*c + 28 = q*c. What is the greatest common factor of l and c?
1
Let t(z) = -z**3 - 12*z**2 - 45*z - 13. Let u be t(-7). Calculate the highest common divisor of u and 3.
3
Let u be 212/26 + 4/(-26). Let l = -6 + u. What is the highest common factor of 3 and l?
1
Suppose 2*s + 4*q - 200 = -0*s, 0 = -5*s - q + 482. Let w = -15 - -47. Suppose -4 = -3*k + w. What is the highest common factor of k and s?
12
Let s be (-102)/12*(-1 - 1). Let r = 39 - s. Let o = r + -6. What is the greatest common divisor of o and 2?
2
Suppose 0 = -f - 14 + 58. Calculate the highest common factor of f and 55.
11
Suppose -5966 = -25*t - 1166. What is the highest common factor of t and 168?
24
Suppose -4*n - 2*s + 156 = 0, 4*n - 126 = 2*s + 38. What is the greatest common factor of 2 and n?
2
Let 